b(h) = -h**2 + 15*h - 4. Let x be b(15). Let f be 3 + x + 67 - 1. Let u = f + 24. What is the units digit of u?
9
Suppose 11333 = 3*c - 5*k, 0 = 2*c + k - 4952 - 2599. What is the tens digit of c?
7
Suppose -4 = -g, -7*p + 8*p + 4*g - 19 = 0. Suppose -179 = -2*w + 4*z - 11, -256 = -p*w + 4*z. What is the tens digit of w?
8
Let h = -65 + 70. Let v(g) = -10*g**2 - 4*g + 6. Let a be v(h). Let c = a - -402. What is the hundreds digit of c?
1
Suppose v = -5*d + 10, -4*v - 3 = 4*d - 11. Let i be -4 - 3/d*-14. Let a = 136 - i. What is the units digit of a?
9
Let f be (0/(-5))/1 + 13*5. Suppose -6*t = -23 + f. What is the tens digit of ((-2)/(-8))/(t/(-476))?
1
Let d(y) = -33*y - 3475. What is the tens digit of d(-108)?
8
Let l(a) = 43*a**2 + 7*a - 19. What is the thousands digit of l(7)?
2
Suppose -54*k + 573960 = -2299605 + 349551. What is the thousands digit of k?
6
Let c(h) = -846*h + 280. What is the thousands digit of c(-13)?
1
Let n(b) = b**3 - 37*b**2 - 97*b + 166. What is the tens digit of n(43)?
8
Let u = -3 + 13. Suppose 2*d - 14 = -4*n + 2*n, u = 4*n - 2*d. What is the units digit of n/(-12) + (-760)/(-12)?
3
Let s(o) = 29*o**2 + 2*o + 76. Let c be s(9). Let j = c + -1152. What is the hundreds digit of j?
2
Suppose 30*f = 23380 + 200. What is the units digit of f?
6
Suppose 325864 = 58*x - 592535 + 179363. What is the thousands digit of x?
2
Let h = 5421 - 3665. What is the hundreds digit of h?
7
Suppose 0 = 3*i + 53 - 146. Let o be (2/6)/((-73)/(-21900)). Suppose 5*z + 4*c = z + o, 5*c = z - i. What is the units digit of z?
6
Suppose -5*x + 6 = 1. Let k = x - -2. Suppose 2*g + 11 = -s + 70, k*g = 3*s - 222. What is the units digit of s?
9
Let q = 62908 + -33722. What is the units digit of q?
6
Suppose 0 = 5*l - 25, 2*l + 2 = -5*o + 12. Suppose 9*d + 0*d + 5202 = o. Let u = -381 - d. What is the units digit of u?
7
Suppose 2*k + 6*r - r - 777 = 0, -5*k + r + 1902 = 0. Let x be 1*k - (5 - 8). Suppose 0 = 2*q - x + 138. What is the units digit of q?
3
Let j be ((-24)/10)/(68/2210) - (3 + 0). Suppose -2*p - 5*c = -9, -p + 6*p + 4*c + 3 = 0. What is the tens digit of 4*(p + 4) - j?
8
Let m be 10/(-20) + (5/2)/5. Suppose m = 2*n + q + 17 - 20, -3*n + 22 = -2*q. What is the units digit of n?
4
Let l = -260 + 263. Suppose -l*m + z = -1265, 4*m - 2*z - 721 = 969. What is the tens digit of m?
2
Suppose -2*y = -190 - 1666. Suppose 64*f + y = 66*f. What is the hundreds digit of f?
4
Let s = 204 + -192. Suppose 0 = -8*z + 4*z - 2*y + 22, 3*y = -3*z + 21. Suppose 0 = 5*c - 10*c - w + 383, s = z*w. What is the tens digit of c?
7
Suppose -c + 3*m = -17, -2*c - 5*m = -6*m - 14. Suppose 6*u - 10*u - c*o = -1892, 1880 = 4*u + 2*o. What is the units digit of u?
8
Suppose -74*f - 458247 + 2535871 = 0. What is the ten thousands digit of f?
2
Let l be (-48)/84*1*-7. Suppose -1142 = -2*v - d - 0*d, -l*v - 4*d + 2288 = 0. What is the hundreds digit of v?
5
Suppose 23*n - 42*n + 22572 = 0. What is the units digit of n?
8
Suppose -7*w + 2*w = -70. Let s = w + -10. Suppose -s*u - 5*u = -162. What is the tens digit of u?
1
What is the thousands digit of 12 - (-8184 + (9 - -3))?
8
Suppose 8*l = -4*t + 398072, -36*l + 40*l - 2*t = 199036. What is the thousands digit of l?
9
Suppose 273*l = 266*l + 146167. What is the thousands digit of l?
0
Let g(k) = 2*k**3 + 12*k**2 - 76*k + 48. What is the thousands digit of g(12)?
4
Let t(w) = 19*w**2 - 10*w - 26. Let g(j) = j + 3. Let q be g(6). Suppose 0 = 3*n - 0*n + q. What is the hundreds digit of t(n)?
1
Suppose -2*i - f = -287, 3*f + 275 = -5*i + 7*i. Let r = -47 + i. What is the tens digit of r?
9
Suppose 265*h - 246 = 259*h. What is the units digit of h*10 - (-11 + 12)?
9
Let f(i) = i**3 + i + 8. Let c be f(0). Suppose -d + 5*d - c = 0. Suppose d*l = -4 + 22. What is the units digit of l?
9
Let n(c) = -19*c + 70. Suppose 0 = 3*q - o + 38, 0*o = -3*q - 5*o - 62. What is the tens digit of n(q)?
3
Let q = -42 - 88. Let j = 37 + q. Let y = -60 - j. What is the tens digit of y?
3
Let s = -20785 + 36396. What is the hundreds digit of s?
6
Let h(d) = 1575*d - 107. What is the tens digit of h(11)?
1
Suppose -70057 = -2*p + o, -7*p - 2*o = -12*p + 175140. What is the ten thousands digit of p?
3
Suppose 0 = -3*r + 74 + 112. Let f = 54 - r. What is the tens digit of ((-58)/f + -3)/((-1)/(-20))?
8
What is the ten thousands digit of (-3)/(-9) - 1 - (-389562)/9?
4
Suppose 5*p + 5*z - 27225 = 0, 5*p - 14862 = 2*z + 12384. What is the hundreds digit of p?
4
Suppose 5*g + 7*w = 12767 + 4015, 0 = 4*w - 24. What is the hundreds digit of g?
3
Suppose l = 5*s - 218, -2*l = -5*l - s - 622. What is the units digit of l/(-36) - (3 + 58/(-18))?
6
Suppose 0 = 995*f - 993*f + 2*u - 12594, 2*f - 12590 = -4*u. What is the units digit of f?
9
Let m(u) be the third derivative of 13*u**4/24 + 65*u**3/6 + 34*u**2. What is the units digit of m(-4)?
3
Suppose -920492 = -46*m + 297864. What is the tens digit of m?
8
Suppose -4*d + 27 = -3*t + 5, -14 = -d + 5*t. Suppose 791 = 4*b - u + 2*u, -4*b - d*u = -788. What is the tens digit of b?
9
Let r(w) = 377*w + 182. What is the units digit of r(18)?
8
Let m(k) = 54*k - 5. Let g be m(5). Let i = g + -42. Suppose 2*x - i = -0*x - r, -4*r + 436 = 4*x. What is the tens digit of x?
1
Suppose 9*v = 9616 + 6260. What is the hundreds digit of v?
7
Let r be 47 + 1 - (-1 + -5 + 2). Let u = r - 55. Let h(x) = -x**2 - 5*x + 4. What is the tens digit of h(u)?
1
Let o = -261 - -277. Suppose -4*u + o = 0, 3*c - 2513 + 244 = -4*u. What is the hundreds digit of c?
7
What is the hundreds digit of (-3*(-4)/(-12))/(35/(-235935))?
7
Let a(q) = 26*q**3 - 12*q**2 + 54*q + 24. What is the hundreds digit of a(4)?
7
Let k = 90 + -106. Let n(m) = -m**2 - 15*m + 12. Let d be n(k). Let l(y) = -2*y**3 + y**2 + 4*y - 1. What is the units digit of l(d)?
7
Suppose -468371 = -23*d + 158540. What is the thousands digit of d?
7
Let c(f) = -35*f**2 + 1. Let y be c(-1). Let a = y - -34. What is the hundreds digit of -1 + a - 1075/(-5)?
2
Let a(v) = -1467*v + 783. What is the tens digit of a(-4)?
5
Suppose 4*o - 1886 - 282 = 0. Let s = -284 + o. What is the tens digit of s?
5
Suppose 4*x - 8990 = 20134. What is the thousands digit of x?
7
Let d = -442 + 277. Let c = 411 + d. What is the hundreds digit of c?
2
Suppose 0 = -12*c + 3*c. Suppose v + 4*p = -0*p, c = -5*v + 4*p. Suppose v = g + 5, 0 = -3*q - 5*g - 0*g + 416. What is the hundreds digit of q?
1
Let n(s) = 114*s + 2496. What is the thousands digit of n(-9)?
1
Let u(w) = -10*w**3 - 4*w**2 + w - 105. What is the hundreds digit of u(-7)?
1
Let u be ((-3800)/75)/((1/(-3))/(-1)). Let b(r) = -r**3 - 13*r**2 + 54*r + 18. Let n be b(-16). Let k = n - u. What is the units digit of k?
4
Suppose 486*h - 490*h = -f + 55829, -4*h + 223496 = 4*f. What is the hundreds digit of f?
8
Let a(t) = -t**2 - t + 62. Let l(y) = -2*y**2 - 2*y + 122. Let q(s) = -7*a(s) + 3*l(s). What is the hundreds digit of q(19)?
3
Suppose -32*y - 511 = -39*y. Suppose -y*b = -61*b - 3372. What is the tens digit of b?
8
Suppose 4*p + 0*u - 14 = -2*u, p - 2 = -2*u. Let a be 329/p - (-2)/(-8)*1. Let m = a + -31. What is the units digit of m?
1
Let h = -2140 - -1446. Let o = -579 - h. What is the hundreds digit of o?
1
Suppose -3*f = 5*t - 6*t + 13, -17 = -5*t - f. Suppose o = -2*m + 637, 242 = m - t*o - 63. What is the hundreds digit of m?
3
Let t be (24/(-28))/((-5)/(-70)*-4). Suppose -m + 6*m = 5*u + 620, t*u - 517 = -4*m. What is the units digit of m?
7
Let l be 6*(1 + (-94)/(-12)). Suppose -454 = -55*w + l*w. What is the hundreds digit of w?
2
Let z = 3353 - 1029. Suppose i + 1520 + z = 5*q, -4*q + 3075 = -i. Suppose -3*x = w - 764, 3*x - q = -5*w + 3*w. What is the tens digit of x?
5
Suppose -4*l - 4*r + 28 = -6*r, -l + r + 7 = 0. Suppose 0 = -4*x + l + 9. Suppose 1159 = 5*h - 2*c, 4*h + x*c = 732 + 212. What is the units digit of h?
3
Suppose -73*f + 158*f = 79*f + 97620. What is the ten thousands digit of f?
1
What is the tens digit of 10 + (27 - -14331) - (1 - -4)?
6
Let k = 199 + -195. Suppose 0 = -4*n - k*y + 2380, 494 = n + 5*y - 109. What is the tens digit of n?
9
Suppose 1411 = 8*a - 3237. Suppose 3*f - 1120 = a. What is the tens digit of f?
6
Let k = 56 + -52. Let u = -155 + 217. Suppose -u = -k*t + 242. What is the 